{"id":220,"date":"2021-04-23T08:15:19","date_gmt":"2021-04-23T08:15:19","guid":{"rendered":"http:\/\/szeged-csanad.hu\/leveltar\/?page_id=220"},"modified":"2021-04-23T08:15:19","modified_gmt":"2021-04-23T08:15:19","slug":"leveltari-iktatokonyvek","status":"publish","type":"page","link":"https:\/\/szeged-csanad.hu\/leveltar\/leveltari-iktatokonyvek\/","title":{"rendered":"Lev\u00e9lt\u00e1ri iktat\u00f3k\u00f6nyvek"},"content":{"rendered":"<p><strong>Lev\u00e9lt\u00e1ri iktat\u00f3k\u00f6nyvek<\/strong><\/p>\n<p>A lev\u00e9lt\u00e1rban \u0151rz\u00f6tt iratokhoz seg\u00e9dletek tartoznak, amelyek egyr\u00e9szt a lev\u00e9lt\u00e1ri \u00e1llom\u00e1ny nyilv\u00e1ntart\u00e1s\u00e1ra, biztons\u00e1gos meg\u0151rz\u00e9s\u00e9re, m\u00e1sr\u00e9szt a benne val\u00f3 eligazod\u00e1sra szolg\u00e1lnak.<br \/>\nVannak olyan seg\u00e9dletek, amelyek a lev\u00e9lt\u00e1rba ker\u00fcl\u00e9st megel\u0151z\u0151en k\u00e9sz\u00fclnek az iratk\u00e9pz\u0151 szervek napi munk\u00e1ja sor\u00e1n, ezeket \u00fcgyviteli seg\u00e9dleteknek nevezz\u00fck. Ilyenek p\u00e9ld\u00e1ul az iktat\u00f3k\u00f6nyvek, a lajstromk\u00f6nyvek, a bet\u0171soros szem\u00e9lyn\u00e9v-, helyn\u00e9v- \u00e9s t\u00e1rgymutat\u00f3k\u00f6nyvek. Az \u00fcgyviteli seg\u00e9dletek az iratanyaggal egy\u00fctt ker\u00fclnek lev\u00e9lt\u00e1rba, majd a rendez\u00e9si munk\u00e1k ut\u00e1n is a hozz\u00e1juk tartoz\u00f3 iratok mellett maradnak.<br \/>\nA lev\u00e9lt\u00e1runkban 1923-t\u00f3l vannak iktat\u00f3k\u00f6nyvek. Ezek folyamatos feldolgoz\u00e1s alatt vannak.<\/p>\n<p><strong>Szeged-Csan\u00e1di P\u00fcsp\u00f6ks\u00e9g iktat\u00f3 k\u00f6nyvei<\/strong><\/p>\n<p>1923-1927<br \/>\n1928-1932<br \/>\n1933-1937<br \/>\n1938-1940<br \/>\n1941-1944<br \/>\n1945-1948<br \/>\n1949-1954<br \/>\n1954-1956<br \/>\n1956-1957<br \/>\n1959-1961<br \/>\n1961-1963<br \/>\n1963-1964<br \/>\n1964-1965<br \/>\n1965<br \/>\n1965-1966<br \/>\n1966-1967<br \/>\n1967<br \/>\n1967-1968<br \/>\n1968<br \/>\n1968-1969<br \/>\n1969-1971<br \/>\n1970-1970<\/p>\n<p><strong>Nagyv\u00e1radi Iktat\u00f3k\u00f6nyvek<\/strong><\/p>\n<p>1946-1947<br \/>\n1947-1949<br \/>\n1949-1951<br \/>\n1952-1960<\/p>\n","protected":false},"excerpt":{"rendered":"<p>Lev\u00e9lt\u00e1ri iktat\u00f3k\u00f6nyvek A lev\u00e9lt\u00e1rban \u0151rz\u00f6tt iratokhoz seg\u00e9dletek tartoznak, amelyek egyr\u00e9szt a lev\u00e9lt\u00e1ri \u00e1llom\u00e1ny nyilv\u00e1ntart\u00e1s\u00e1ra, biztons\u00e1gos meg\u0151rz\u00e9s\u00e9re, m\u00e1sr\u00e9szt a benne val\u00f3 eligazod\u00e1sra szolg\u00e1lnak. Vannak olyan seg\u00e9dletek, amelyek a lev\u00e9lt\u00e1rba ker\u00fcl\u00e9st megel\u0151z\u0151en [&hellip;]<\/p>\n","protected":false},"author":1,"featured_media":0,"parent":0,"menu_order":0,"comment_status":"closed","ping_status":"closed","template":"","meta":[],"yoast_head":"<!-- This site is optimized with the Yoast SEO plugin v19.9 - https:\/\/yoast.com\/wordpress\/plugins\/seo\/ -->\n<title>Lev\u00e9lt\u00e1ri iktat\u00f3k\u00f6nyvek - Lev\u00e9lt\u00e1r<\/title>\n<meta name=\"robots\" content=\"index, follow, max-snippet:-1, max-image-preview:large, max-video-preview:-1\" \/>\n<link rel=\"canonical\" href=\"http:\/\/szeged-csanad.hu\/leveltar\/leveltari-iktatokonyvek\/\" \/>\n<meta property=\"og:locale\" content=\"en_US\" \/>\n<meta property=\"og:type\" content=\"article\" \/>\n<meta property=\"og:title\" content=\"Lev\u00e9lt\u00e1ri iktat\u00f3k\u00f6nyvek - Lev\u00e9lt\u00e1r\" \/>\n<meta property=\"og:description\" content=\"Lev\u00e9lt\u00e1ri iktat\u00f3k\u00f6nyvek A lev\u00e9lt\u00e1rban \u0151rz\u00f6tt iratokhoz seg\u00e9dletek tartoznak, amelyek egyr\u00e9szt a lev\u00e9lt\u00e1ri \u00e1llom\u00e1ny nyilv\u00e1ntart\u00e1s\u00e1ra, biztons\u00e1gos meg\u0151rz\u00e9s\u00e9re, m\u00e1sr\u00e9szt a benne val\u00f3 eligazod\u00e1sra szolg\u00e1lnak. Vannak olyan seg\u00e9dletek, amelyek a lev\u00e9lt\u00e1rba ker\u00fcl\u00e9st megel\u0151z\u0151en [&hellip;]\" \/>\n<meta property=\"og:url\" content=\"http:\/\/szeged-csanad.hu\/leveltar\/leveltari-iktatokonyvek\/\" \/>\n<meta property=\"og:site_name\" content=\"Lev\u00e9lt\u00e1r\" \/>\n<meta name=\"twitter:card\" content=\"summary_large_image\" \/>\n<meta name=\"twitter:label1\" content=\"Est. reading time\" \/>\n\t<meta name=\"twitter:data1\" content=\"1 minute\" \/>\n<script type=\"application\/ld+json\" class=\"yoast-schema-graph\">{\"@context\":\"https:\/\/schema.org\",\"@graph\":[{\"@type\":\"WebPage\",\"@id\":\"http:\/\/szeged-csanad.hu\/leveltar\/leveltari-iktatokonyvek\/\",\"url\":\"http:\/\/szeged-csanad.hu\/leveltar\/leveltari-iktatokonyvek\/\",\"name\":\"Lev\u00e9lt\u00e1ri iktat\u00f3k\u00f6nyvek - Lev\u00e9lt\u00e1r\",\"isPartOf\":{\"@id\":\"http:\/\/szeged-csanad.hu\/leveltar\/#website\"},\"datePublished\":\"2021-04-23T08:15:19+00:00\",\"dateModified\":\"2021-04-23T08:15:19+00:00\",\"inLanguage\":\"en-US\",\"potentialAction\":[{\"@type\":\"ReadAction\",\"target\":[\"http:\/\/szeged-csanad.hu\/leveltar\/leveltari-iktatokonyvek\/\"]}]},{\"@type\":\"WebSite\",\"@id\":\"http:\/\/szeged-csanad.hu\/leveltar\/#website\",\"url\":\"http:\/\/szeged-csanad.hu\/leveltar\/\",\"name\":\"Lev\u00e9lt\u00e1r\",\"description\":\"\",\"potentialAction\":[{\"@type\":\"SearchAction\",\"target\":{\"@type\":\"EntryPoint\",\"urlTemplate\":\"http:\/\/szeged-csanad.hu\/leveltar\/?s={search_term_string}\"},\"query-input\":\"required name=search_term_string\"}],\"inLanguage\":\"en-US\"}]}<\/script>\n<!-- \/ Yoast SEO plugin. -->","yoast_head_json":{"title":"Lev\u00e9lt\u00e1ri iktat\u00f3k\u00f6nyvek - Lev\u00e9lt\u00e1r","robots":{"index":"index","follow":"follow","max-snippet":"max-snippet:-1","max-image-preview":"max-image-preview:large","max-video-preview":"max-video-preview:-1"},"canonical":"http:\/\/szeged-csanad.hu\/leveltar\/leveltari-iktatokonyvek\/","og_locale":"en_US","og_type":"article","og_title":"Lev\u00e9lt\u00e1ri iktat\u00f3k\u00f6nyvek - Lev\u00e9lt\u00e1r","og_description":"Lev\u00e9lt\u00e1ri iktat\u00f3k\u00f6nyvek A lev\u00e9lt\u00e1rban \u0151rz\u00f6tt iratokhoz seg\u00e9dletek tartoznak, amelyek egyr\u00e9szt a lev\u00e9lt\u00e1ri \u00e1llom\u00e1ny nyilv\u00e1ntart\u00e1s\u00e1ra, biztons\u00e1gos meg\u0151rz\u00e9s\u00e9re, m\u00e1sr\u00e9szt a benne val\u00f3 eligazod\u00e1sra szolg\u00e1lnak. Vannak olyan seg\u00e9dletek, amelyek a lev\u00e9lt\u00e1rba ker\u00fcl\u00e9st megel\u0151z\u0151en [&hellip;]","og_url":"http:\/\/szeged-csanad.hu\/leveltar\/leveltari-iktatokonyvek\/","og_site_name":"Lev\u00e9lt\u00e1r","twitter_card":"summary_large_image","twitter_misc":{"Est. reading time":"1 minute"},"schema":{"@context":"https:\/\/schema.org","@graph":[{"@type":"WebPage","@id":"http:\/\/szeged-csanad.hu\/leveltar\/leveltari-iktatokonyvek\/","url":"http:\/\/szeged-csanad.hu\/leveltar\/leveltari-iktatokonyvek\/","name":"Lev\u00e9lt\u00e1ri iktat\u00f3k\u00f6nyvek - Lev\u00e9lt\u00e1r","isPartOf":{"@id":"http:\/\/szeged-csanad.hu\/leveltar\/#website"},"datePublished":"2021-04-23T08:15:19+00:00","dateModified":"2021-04-23T08:15:19+00:00","inLanguage":"en-US","potentialAction":[{"@type":"ReadAction","target":["http:\/\/szeged-csanad.hu\/leveltar\/leveltari-iktatokonyvek\/"]}]},{"@type":"WebSite","@id":"http:\/\/szeged-csanad.hu\/leveltar\/#website","url":"http:\/\/szeged-csanad.hu\/leveltar\/","name":"Lev\u00e9lt\u00e1r","description":"","potentialAction":[{"@type":"SearchAction","target":{"@type":"EntryPoint","urlTemplate":"http:\/\/szeged-csanad.hu\/leveltar\/?s={search_term_string}"},"query-input":"required name=search_term_string"}],"inLanguage":"en-US"}]}},"_links":{"self":[{"href":"https:\/\/szeged-csanad.hu\/leveltar\/wp-json\/wp\/v2\/pages\/220"}],"collection":[{"href":"https:\/\/szeged-csanad.hu\/leveltar\/wp-json\/wp\/v2\/pages"}],"about":[{"href":"https:\/\/szeged-csanad.hu\/leveltar\/wp-json\/wp\/v2\/types\/page"}],"author":[{"embeddable":true,"href":"https:\/\/szeged-csanad.hu\/leveltar\/wp-json\/wp\/v2\/users\/1"}],"replies":[{"embeddable":true,"href":"https:\/\/szeged-csanad.hu\/leveltar\/wp-json\/wp\/v2\/comments?post=220"}],"version-history":[{"count":1,"href":"https:\/\/szeged-csanad.hu\/leveltar\/wp-json\/wp\/v2\/pages\/220\/revisions"}],"predecessor-version":[{"id":221,"href":"https:\/\/szeged-csanad.hu\/leveltar\/wp-json\/wp\/v2\/pages\/220\/revisions\/221"}],"wp:attachment":[{"href":"https:\/\/szeged-csanad.hu\/leveltar\/wp-json\/wp\/v2\/media?parent=220"}],"curies":[{"name":"wp","href":"https:\/\/api.w.org\/{rel}","templated":true}]}}