{"id":218,"date":"2021-04-23T08:15:22","date_gmt":"2021-04-23T08:15:22","guid":{"rendered":"http:\/\/szeged-csanad.hu\/leveltar\/?page_id=218"},"modified":"2021-06-16T20:14:46","modified_gmt":"2021-06-16T20:14:46","slug":"leveltari-mutatok","status":"publish","type":"page","link":"https:\/\/szeged-csanad.hu\/leveltar\/leveltari-mutatok\/","title":{"rendered":"Lev\u00e9lt\u00e1ri mutat\u00f3k"},"content":{"rendered":"<p><strong>Lev\u00e9lt\u00e1ri mutat\u00f3k<\/strong><\/p>\n<p>A lev\u00e9lt\u00e1rban \u0151rz\u00f6tt iratokhoz seg\u00e9dletek tartoznak, amelyek egyr\u00e9szt a lev\u00e9lt\u00e1ri \u00e1llom\u00e1ny nyilv\u00e1ntart\u00e1s\u00e1ra, biztons\u00e1gos meg\u0151rz\u00e9s\u00e9re, m\u00e1sr\u00e9szt a benne val\u00f3 eligazod\u00e1sra szolg\u00e1lnak.<br \/>\nVannak olyan seg\u00e9dletek, amelyek a lev\u00e9lt\u00e1rba ker\u00fcl\u00e9st megel\u0151z\u0151en k\u00e9sz\u00fclnek az iratk\u00e9pz\u0151 szervek napi munk\u00e1ja sor\u00e1n, ezeket \u00fcgyviteli seg\u00e9dleteknek nevezz\u00fck. Ilyenek p\u00e9ld\u00e1ul az iktat\u00f3k\u00f6nyvek, a lajstromk\u00f6nyvek, a bet\u0171soros szem\u00e9lyn\u00e9v-, helyn\u00e9v- \u00e9s t\u00e1rgymutat\u00f3k\u00f6nyvek. Az \u00fcgyviteli seg\u00e9dletek az iratanyaggal egy\u00fctt ker\u00fclnek lev\u00e9lt\u00e1rba, majd a rendez\u00e9si munk\u00e1k ut\u00e1n is a hozz\u00e1juk tartoz\u00f3 iratok mellett maradnak.<br \/>\nA lev\u00e9lt\u00e1runkban 1923-t\u00f3l vannak mutat\u00f3k. Ezek egy r\u00e9sz\u00e9t digitaliz\u00e1ltuk, melyek szabadon kutathat\u00f3ak. A t\u00f6bbi is folyamatos feldolgoz\u00e1s alatt van.<\/p>\n<p><a href=\"http:\/\/szeged-csanad.hu\/leveltar\/digitalizalt-betusoros-mutato\/\">Digitaliz\u00e1lt bet\u0171soros mutat\u00f3: 1923-1947<\/a><br \/>\n<a href=\"http:\/\/szeged-csanad.hu\/leveltar\/korlevelek\/\">Darabszint\u0171 mutat\u00f3: Temesv\u00e1rr\u00f3l \u00e1tker\u00fclt mai Magyarorsz\u00e1g ter\u00fclet\u00e9n l\u00e9v\u0151 pl\u00e9b\u00e1ni\u00e1k iratai 1726-1927<\/a><br \/>\nSzeged, Fels\u0151v\u00e1ros: Digitaliz\u00e1lt iratok<\/p>\n<p><strong>Feldolgoz\u00e1s alatt \u00e1ll\u00f3 mutat\u00f3k:<\/strong><\/p>\n<p>1928-1939<br \/>\n1940-1961<br \/>\n1938-1940<br \/>\n1940-1961<br \/>\n1941-1944<br \/>\n1945-1948<br \/>\n1949-1954<br \/>\n1953-1966<br \/>\n1962-1965<br \/>\n1966<br \/>\n1967-68<br \/>\n1969<br \/>\n1970<br \/>\n1971-1972<br \/>\n1973-1974<br \/>\n1975<br \/>\n1976<br \/>\n1977<br \/>\n1978<br \/>\n1979<br \/>\n1980<br \/>\n1981<br \/>\n1982<\/p>\n","protected":false},"excerpt":{"rendered":"<p>Lev\u00e9lt\u00e1ri mutat\u00f3k A lev\u00e9lt\u00e1rban \u0151rz\u00f6tt iratokhoz seg\u00e9dletek tartoznak, amelyek egyr\u00e9szt a lev\u00e9lt\u00e1ri \u00e1llom\u00e1ny nyilv\u00e1ntart\u00e1s\u00e1ra, biztons\u00e1gos meg\u0151rz\u00e9s\u00e9re, m\u00e1sr\u00e9szt a benne val\u00f3 eligazod\u00e1sra szolg\u00e1lnak. Vannak olyan seg\u00e9dletek, amelyek a lev\u00e9lt\u00e1rba ker\u00fcl\u00e9st megel\u0151z\u0151en [&hellip;]<\/p>\n","protected":false},"author":1,"featured_media":0,"parent":0,"menu_order":0,"comment_status":"closed","ping_status":"closed","template":"","meta":[],"yoast_head":"<!-- This site is optimized with the Yoast SEO plugin v19.9 - https:\/\/yoast.com\/wordpress\/plugins\/seo\/ -->\n<title>Lev\u00e9lt\u00e1ri mutat\u00f3k - Lev\u00e9lt\u00e1r<\/title>\n<meta name=\"robots\" content=\"index, follow, max-snippet:-1, max-image-preview:large, max-video-preview:-1\" \/>\n<link rel=\"canonical\" href=\"http:\/\/szeged-csanad.hu\/leveltar\/leveltari-mutatok\/\" \/>\n<meta property=\"og:locale\" content=\"en_US\" \/>\n<meta property=\"og:type\" content=\"article\" \/>\n<meta property=\"og:title\" content=\"Lev\u00e9lt\u00e1ri mutat\u00f3k - Lev\u00e9lt\u00e1r\" \/>\n<meta property=\"og:description\" content=\"Lev\u00e9lt\u00e1ri mutat\u00f3k A lev\u00e9lt\u00e1rban \u0151rz\u00f6tt iratokhoz seg\u00e9dletek tartoznak, amelyek egyr\u00e9szt a lev\u00e9lt\u00e1ri \u00e1llom\u00e1ny nyilv\u00e1ntart\u00e1s\u00e1ra, biztons\u00e1gos meg\u0151rz\u00e9s\u00e9re, m\u00e1sr\u00e9szt a benne val\u00f3 eligazod\u00e1sra szolg\u00e1lnak. Vannak olyan seg\u00e9dletek, amelyek a lev\u00e9lt\u00e1rba ker\u00fcl\u00e9st megel\u0151z\u0151en [&hellip;]\" \/>\n<meta property=\"og:url\" content=\"http:\/\/szeged-csanad.hu\/leveltar\/leveltari-mutatok\/\" \/>\n<meta property=\"og:site_name\" content=\"Lev\u00e9lt\u00e1r\" \/>\n<meta property=\"article:modified_time\" content=\"2021-06-16T20:14:46+00:00\" \/>\n<meta name=\"twitter:card\" content=\"summary_large_image\" \/>\n<meta name=\"twitter:label1\" content=\"Est. reading time\" \/>\n\t<meta name=\"twitter:data1\" content=\"1 minute\" \/>\n<script type=\"application\/ld+json\" class=\"yoast-schema-graph\">{\"@context\":\"https:\/\/schema.org\",\"@graph\":[{\"@type\":\"WebPage\",\"@id\":\"http:\/\/szeged-csanad.hu\/leveltar\/leveltari-mutatok\/\",\"url\":\"http:\/\/szeged-csanad.hu\/leveltar\/leveltari-mutatok\/\",\"name\":\"Lev\u00e9lt\u00e1ri mutat\u00f3k - Lev\u00e9lt\u00e1r\",\"isPartOf\":{\"@id\":\"http:\/\/szeged-csanad.hu\/leveltar\/#website\"},\"datePublished\":\"2021-04-23T08:15:22+00:00\",\"dateModified\":\"2021-06-16T20:14:46+00:00\",\"inLanguage\":\"en-US\",\"potentialAction\":[{\"@type\":\"ReadAction\",\"target\":[\"http:\/\/szeged-csanad.hu\/leveltar\/leveltari-mutatok\/\"]}]},{\"@type\":\"WebSite\",\"@id\":\"http:\/\/szeged-csanad.hu\/leveltar\/#website\",\"url\":\"http:\/\/szeged-csanad.hu\/leveltar\/\",\"name\":\"Lev\u00e9lt\u00e1r\",\"description\":\"\",\"potentialAction\":[{\"@type\":\"SearchAction\",\"target\":{\"@type\":\"EntryPoint\",\"urlTemplate\":\"http:\/\/szeged-csanad.hu\/leveltar\/?s={search_term_string}\"},\"query-input\":\"required name=search_term_string\"}],\"inLanguage\":\"en-US\"}]}<\/script>\n<!-- \/ Yoast SEO plugin. -->","yoast_head_json":{"title":"Lev\u00e9lt\u00e1ri mutat\u00f3k - Lev\u00e9lt\u00e1r","robots":{"index":"index","follow":"follow","max-snippet":"max-snippet:-1","max-image-preview":"max-image-preview:large","max-video-preview":"max-video-preview:-1"},"canonical":"http:\/\/szeged-csanad.hu\/leveltar\/leveltari-mutatok\/","og_locale":"en_US","og_type":"article","og_title":"Lev\u00e9lt\u00e1ri mutat\u00f3k - Lev\u00e9lt\u00e1r","og_description":"Lev\u00e9lt\u00e1ri mutat\u00f3k A lev\u00e9lt\u00e1rban \u0151rz\u00f6tt iratokhoz seg\u00e9dletek tartoznak, amelyek egyr\u00e9szt a lev\u00e9lt\u00e1ri \u00e1llom\u00e1ny nyilv\u00e1ntart\u00e1s\u00e1ra, biztons\u00e1gos meg\u0151rz\u00e9s\u00e9re, m\u00e1sr\u00e9szt a benne val\u00f3 eligazod\u00e1sra szolg\u00e1lnak. Vannak olyan seg\u00e9dletek, amelyek a lev\u00e9lt\u00e1rba ker\u00fcl\u00e9st megel\u0151z\u0151en [&hellip;]","og_url":"http:\/\/szeged-csanad.hu\/leveltar\/leveltari-mutatok\/","og_site_name":"Lev\u00e9lt\u00e1r","article_modified_time":"2021-06-16T20:14:46+00:00","twitter_card":"summary_large_image","twitter_misc":{"Est. reading time":"1 minute"},"schema":{"@context":"https:\/\/schema.org","@graph":[{"@type":"WebPage","@id":"http:\/\/szeged-csanad.hu\/leveltar\/leveltari-mutatok\/","url":"http:\/\/szeged-csanad.hu\/leveltar\/leveltari-mutatok\/","name":"Lev\u00e9lt\u00e1ri mutat\u00f3k - Lev\u00e9lt\u00e1r","isPartOf":{"@id":"http:\/\/szeged-csanad.hu\/leveltar\/#website"},"datePublished":"2021-04-23T08:15:22+00:00","dateModified":"2021-06-16T20:14:46+00:00","inLanguage":"en-US","potentialAction":[{"@type":"ReadAction","target":["http:\/\/szeged-csanad.hu\/leveltar\/leveltari-mutatok\/"]}]},{"@type":"WebSite","@id":"http:\/\/szeged-csanad.hu\/leveltar\/#website","url":"http:\/\/szeged-csanad.hu\/leveltar\/","name":"Lev\u00e9lt\u00e1r","description":"","potentialAction":[{"@type":"SearchAction","target":{"@type":"EntryPoint","urlTemplate":"http:\/\/szeged-csanad.hu\/leveltar\/?s={search_term_string}"},"query-input":"required name=search_term_string"}],"inLanguage":"en-US"}]}},"_links":{"self":[{"href":"https:\/\/szeged-csanad.hu\/leveltar\/wp-json\/wp\/v2\/pages\/218"}],"collection":[{"href":"https:\/\/szeged-csanad.hu\/leveltar\/wp-json\/wp\/v2\/pages"}],"about":[{"href":"https:\/\/szeged-csanad.hu\/leveltar\/wp-json\/wp\/v2\/types\/page"}],"author":[{"embeddable":true,"href":"https:\/\/szeged-csanad.hu\/leveltar\/wp-json\/wp\/v2\/users\/1"}],"replies":[{"embeddable":true,"href":"https:\/\/szeged-csanad.hu\/leveltar\/wp-json\/wp\/v2\/comments?post=218"}],"version-history":[{"count":4,"href":"https:\/\/szeged-csanad.hu\/leveltar\/wp-json\/wp\/v2\/pages\/218\/revisions"}],"predecessor-version":[{"id":15371,"href":"https:\/\/szeged-csanad.hu\/leveltar\/wp-json\/wp\/v2\/pages\/218\/revisions\/15371"}],"wp:attachment":[{"href":"https:\/\/szeged-csanad.hu\/leveltar\/wp-json\/wp\/v2\/media?parent=218"}],"curies":[{"name":"wp","href":"https:\/\/api.w.org\/{rel}","templated":true}]}}